{"id":163,"date":"2023-09-26T12:21:53","date_gmt":"2023-09-26T15:21:53","guid":{"rendered":"https:\/\/imaoscip.org\/?page_id=163"},"modified":"2023-09-26T12:25:25","modified_gmt":"2023-09-26T15:25:25","slug":"alimentos","status":"publish","type":"page","link":"https:\/\/imaoscip.org\/?page_id=163","title":{"rendered":"Alimentos"},"content":{"rendered":"\t\t<div data-elementor-type=\"wp-page\" data-elementor-id=\"163\" class=\"elementor elementor-163\" data-elementor-post-type=\"page\">\n\t\t\t\t<div class=\"elementor-element elementor-element-bf802e9 e-flex e-con-boxed e-con e-parent\" data-id=\"bf802e9\" data-element_type=\"container\" data-e-type=\"container\">\n\t\t\t\t\t<div class=\"e-con-inner\">\n\t\t\t\t<div class=\"elementor-element elementor-element-19315f6 elementor-widget elementor-widget-spacer\" data-id=\"19315f6\" data-element_type=\"widget\" data-e-type=\"widget\" data-widget_type=\"spacer.default\">\n\t\t\t\t<div class=\"elementor-widget-container\">\n\t\t\t\t\t\t\t<div class=\"elementor-spacer\">\n\t\t\t<div class=\"elementor-spacer-inner\"><\/div>\n\t\t<\/div>\n\t\t\t\t\t\t<\/div>\n\t\t\t\t<\/div>\n\t\t\t\t\t<\/div>\n\t\t\t\t<\/div>\n\t\t<div class=\"elementor-element elementor-element-567bb92 e-flex e-con-boxed e-con e-parent\" data-id=\"567bb92\" data-element_type=\"container\" data-e-type=\"container\">\n\t\t\t\t\t<div class=\"e-con-inner\">\n\t\t\t\t<div class=\"elementor-element elementor-element-b4a67c9 elementor-widget elementor-widget-heading\" data-id=\"b4a67c9\" data-element_type=\"widget\" data-e-type=\"widget\" data-widget_type=\"heading.default\">\n\t\t\t\t<div class=\"elementor-widget-container\">\n\t\t\t\t\t<h2 class=\"elementor-heading-title elementor-size-default\">Alimentos<\/h2>\t\t\t\t<\/div>\n\t\t\t\t<\/div>\n\t\t\t\t\t<\/div>\n\t\t\t\t<\/div>\n\t\t<div class=\"elementor-element elementor-element-c19acf9 e-flex e-con-boxed e-con e-parent\" data-id=\"c19acf9\" data-element_type=\"container\" data-e-type=\"container\">\n\t\t\t\t\t<div class=\"e-con-inner\">\n\t\t\t\t<div class=\"elementor-element elementor-element-8bdd1f7 elementor-widget elementor-widget-text-editor\" data-id=\"8bdd1f7\" data-element_type=\"widget\" data-e-type=\"widget\" data-widget_type=\"text-editor.default\">\n\t\t\t\t<div class=\"elementor-widget-container\">\n\t\t\t\t\t\t\t\t\tO IMA desenvolve projetos de identifica\u00e7\u00e3o e mapeamento de \u00e1reas com potencial para atra\u00e7\u00e3o de investimentos, adequa\u00e7\u00e3o de produtos para o mercado, identifica\u00e7\u00e3o e gargalos comerciais, adequa\u00e7\u00e3o de produtos para mercados internacionais e nacionais e log\u00edstica comercial, em todas regi\u00f5es do Brasil. O mapeamento visa, principalmente, a transforma\u00e7\u00e3o de comodities em produtos industrializados de alto valor agregado, no sul e centro-oeste; e a industrializa\u00e7\u00e3o no norte\/nordeste. Neste contexto, o IMA, ap\u00f3s estudos e identifica\u00e7\u00e3o de oportunidades, tra\u00e7a um plano de promo\u00e7\u00e3o e atra\u00e7\u00e3o de investimentos, sejam eles financiamentos privados, fundos de investimentos nacionais ou internacionais, forma\u00e7\u00e3o de jointventures e , mais recentemente, estudos para viabiliza\u00e7\u00e3o de&nbsp; parcerias p\u00fablico privadas ( PPP\u2019s).\t\t\t\t\t\t\t\t<\/div>\n\t\t\t\t<\/div>\n\t\t\t\t<div class=\"elementor-element elementor-element-34d1466 elementor-widget elementor-widget-image\" data-id=\"34d1466\" data-element_type=\"widget\" data-e-type=\"widget\" data-widget_type=\"image.default\">\n\t\t\t\t<div class=\"elementor-widget-container\">\n\t\t\t\t\t\t\t\t\t\t\t\t\t\t\t<img fetchpriority=\"high\" decoding=\"async\" width=\"390\" height=\"261\" src=\"https:\/\/imaoscip.org\/wp-content\/uploads\/2023\/09\/Ind_alimentos.jpg\" class=\"attachment-large size-large wp-image-168\" alt=\"\" srcset=\"https:\/\/imaoscip.org\/wp-content\/uploads\/2023\/09\/Ind_alimentos.jpg 390w, https:\/\/imaoscip.org\/wp-content\/uploads\/2023\/09\/Ind_alimentos-300x201.jpg 300w\" sizes=\"(max-width: 390px) 100vw, 390px\" \/>\t\t\t\t\t\t\t\t\t\t\t\t\t\t\t<\/div>\n\t\t\t\t<\/div>\n\t\t\t\t\t<\/div>\n\t\t\t\t<\/div>\n\t\t<div class=\"elementor-element elementor-element-9603580 e-flex e-con-boxed e-con e-parent\" data-id=\"9603580\" data-element_type=\"container\" data-e-type=\"container\">\n\t\t\t\t\t<div class=\"e-con-inner\">\n\t\t\t\t<div class=\"elementor-element elementor-element-b89544e elementor-widget elementor-widget-spacer\" data-id=\"b89544e\" data-element_type=\"widget\" data-e-type=\"widget\" data-widget_type=\"spacer.default\">\n\t\t\t\t<div class=\"elementor-widget-container\">\n\t\t\t\t\t\t\t<div class=\"elementor-spacer\">\n\t\t\t<div class=\"elementor-spacer-inner\"><\/div>\n\t\t<\/div>\n\t\t\t\t\t\t<\/div>\n\t\t\t\t<\/div>\n\t\t\t\t\t<\/div>\n\t\t\t\t<\/div>\n\t\t\t\t<\/div>\n\t\t","protected":false},"excerpt":{"rendered":"<p>Alimentos O IMA desenvolve projetos de identifica\u00e7\u00e3o e mapeamento de \u00e1reas com potencial para atra\u00e7\u00e3o de investimentos, adequa\u00e7\u00e3o de produtos para o mercado, identifica\u00e7\u00e3o e gargalos comerciais, adequa\u00e7\u00e3o de produtos para mercados internacionais e nacionais e log\u00edstica comercial, em todas regi\u00f5es do Brasil. O mapeamento visa, principalmente, a transforma\u00e7\u00e3o de comodities em produtos industrializados de [&hellip;]<\/p>\n","protected":false},"author":1,"featured_media":0,"parent":0,"menu_order":0,"comment_status":"closed","ping_status":"closed","template":"","meta":{"footnotes":""},"class_list":["post-163","page","type-page","status-publish","hentry"],"_links":{"self":[{"href":"https:\/\/imaoscip.org\/index.php?rest_route=\/wp\/v2\/pages\/163","targetHints":{"allow":["GET"]}}],"collection":[{"href":"https:\/\/imaoscip.org\/index.php?rest_route=\/wp\/v2\/pages"}],"about":[{"href":"https:\/\/imaoscip.org\/index.php?rest_route=\/wp\/v2\/types\/page"}],"author":[{"embeddable":true,"href":"https:\/\/imaoscip.org\/index.php?rest_route=\/wp\/v2\/users\/1"}],"replies":[{"embeddable":true,"href":"https:\/\/imaoscip.org\/index.php?rest_route=%2Fwp%2Fv2%2Fcomments&post=163"}],"version-history":[{"count":7,"href":"https:\/\/imaoscip.org\/index.php?rest_route=\/wp\/v2\/pages\/163\/revisions"}],"predecessor-version":[{"id":171,"href":"https:\/\/imaoscip.org\/index.php?rest_route=\/wp\/v2\/pages\/163\/revisions\/171"}],"wp:attachment":[{"href":"https:\/\/imaoscip.org\/index.php?rest_route=%2Fwp%2Fv2%2Fmedia&parent=163"}],"curies":[{"name":"wp","href":"https:\/\/api.w.org\/{rel}","templated":true}]}}